 2*f - 4*h = 46, 0*h - v*h - 19 = -f. Calculate the remainder when f is divided by 17.
14
Let n(a) = -a + 12. Let k be n(8). Suppose 5*m = 5*t + 140, -3*t + 91 = k*m - 0*t. What is the remainder when 49 is divided by m?
24
Let w(i) = -10*i + 4. Let o be w(4). Let h = -286 + 337. What is the remainder when h is divided by ((-3)/2)/(2/o)?
24
Suppose -5*n + 6*n = 38. Let v be (3 - n/4)*2. Let m = -4 - v. Calculate the remainder when m is divided by 3.
0
Let v(b) = -b**3 + 12*b**2 - 5*b - 29. Calculate the remainder when v(11) is divided by 13.
11
Let n = -1686 - -1173. Calculate the remainder when 68 is divided by (n/(-54))/((-2)/(-4)).
11
Suppose 3*m = 3*o + 94 + 17, -m = -5*o - 29. Let q = 90 - m. Suppose 12*t - 13*t = -2*l - 19, 3*l = t - 22. Calculate the remainder when q is divided by t.
12
Let t(d) = -11*d - 15. Let y be t(-6). Let z = y + -13. Let r = 96 - z. What is the remainder when r is divided by 21?
16
Suppose 400 - 6540 = -20*x. What is the remainder when x is divided by 103?
101
Let p(m) = m**2 - 10*m + 78. Calculate the remainder when p(16) is divided by 44.
42
Let o = 54 + -35. Suppose -p - 12 = -2*t, 4*t + 4*p = -t + 17. Suppose -5*g + 2*v = -3*v - 390, -3*v = -t*g + 380. What is the remainder when g is divided by o?
16
Let m(v) = v**3 - 5*v**2 - 4*v - 1. Suppose -f = -0*f - 57. Suppose -2*b - q - f = -4*b, -4*b + 118 = 2*q. What is the remainder when b is divided by m(6)?
7
Let m = -420 + 432. Calculate the remainder when 72 is divided by m.
0
Suppose 2*c - 554 = -2*a, -201 = -5*c + 3*a + 1192. Calculate the remainder when c is divided by 38.
12
Let z = -1054 + 1096. Calculate the remainder when 542 is divided by z.
38
Suppose t - 2 = 0, 5*u + 6*t = t + 45. Suppose 0 = -4*k + u*k - 18. Let n(l) = -2*l**3 + 3*l**2 + 2*l - 2. Calculate the remainder when n(-2) is divided by k.
4
Suppose 3*c - 125 + 50 = 0. What is the remainder when 132 is divided by c?
7
Suppose 119 = 5*a - 31. What is the remainder when (30/75)/(8/90)*26 is divided by a?
27
Suppose -90 = 59*d - 209 - 176. Suppose 3 = -4*m + 23. Calculate the remainder when d is divided by m.
0
What is the remainder when (-42183)/(-545) + (16/10 - 2) is divided by 48?
29
Let j = -4 + 165. What is the remainder when j is divided by 27?
26
Let x be (-1)/(-2*1/36). Suppose 2*m - 72 = -3*s, -4*m = 2*s - x - 22. Let h = 49 - 40. Calculate the remainder when s is divided by h.
8
Let q(t) = t**3 + 7*t**2 - 3*t - 6. Let i(b) = b**3 + 44*b**2 + 82*b - 56. What is the remainder when i(-42) is divided by q(-7)?
13
Let x(h) = 2*h - 3*h + 0*h + 3 + 6. Let a be 1/(-2) + 1/2. What is the remainder when 17 is divided by x(a)?
8
Suppose 5*t - i - 63 = -21, 18 = 3*t - 3*i. Calculate the remainder when (-1 + 37)*(-4 + 42/t) is divided by 10.
4
Suppose 5*a = -a + 12. Suppose -a*u - 62 + 194 = 0. Calculate the remainder when u is divided by 23.
20
Suppose -4*r - 112 + 32 = -3*s, -5*s + 4*r + 128 = 0. Calculate the remainder when 74 is divided by s.
2
Let a = -44 + 78. Calculate the remainder when 37 is divided by a.
3
Let l = -43 - -73. Calculate the remainder when l is divided by 16.
14
Calculate the remainder when (2*24/(-5))/(48/(-640)) is divided by 68.
60
Suppose 0 = -7*g + 8*g - 155. Let o = g - -88. Suppose 3*f - 2*b - 165 = 0, -3*f - 5*b = f - o. What is the remainder when f is divided by 20?
17
Let k(d) = d - 1. Let p be k(5). Suppose -p*c + 48 = 4*z, -3*c + 4*c + 24 = 3*z. What is the remainder when 43 is divided by z?
7
Calculate the remainder when 338 is divided by (-11)/5*-5 + 59.
58
Let i(j) = j**3 - 36*j**2 - 32*j + 67. Calculate the remainder when i(37) is divided by 23.
22
Suppose i + 16 = 5*i. Suppose 122 - 14 = i*v. Let s = -11 + v. What is the remainder when 63 is divided by s?
15
Suppose -2*v - 3*v = 15. Let s = 12 + v. Suppose b = 3*b - 34. Calculate the remainder when b is divided by s.
8
Let p(x) = x**2 + 2*x + 1. Suppose 0 = 4*q - 5*r - 44, 5*q - 17*r + 19 = -20*r. Calculate the remainder when p(-2) is divided by q.
0
Suppose 141 = 7*x - 383 - 1. Suppose -3*a + 2*q + 52 = 3*q, 3*a = 2*q + 67. Calculate the remainder when x is divided by a.
18
Suppose 92*p - 87*p + 10 = 0. Calculate the remainder when (670/(5/(-1)))/p is divided by 18.
13
Calculate the remainder when 19 is divided by (-55)/11 + 6 + 1.
1
Suppose 7*x - 95 + 25 = 0. Let h(o) = -o. Let p be h(-6). Suppose -10 = -w + p. Calculate the remainder when w is divided by x.
6
Suppose 591*t = 599*t - 14808. Calculate the remainder when t is divided by 17.
15
Let i be 3 + -4*(-28 - 4). Let p = i + -38. What is the remainder when p is divided by 32?
29
What is the remainder when 206 is divided by 5 + (-1526)/(-21) + (-2)/3?
52
Let i = 25 + -15. Let h(k) = -k + 1 - 10*k**2 + 9*k**2 - i*k. What is the remainder when h(-8) is divided by 14?
11
Let a(y) = 6*y**2 - 25*y - 46. Calculate the remainder when a(-2) is divided by 10.
8
Let m(z) = -z + 7. Let y(q) = -q**2 - 13*q - 14. Let t be y(-13). Let j = t + 48. Calculate the remainder when j is divided by m(0).
6
Suppose -2*g + 10 = 30. What is the remainder when (-876)/g - (14/5)/(-7) is divided by 13?
10
Suppose -566 = -5*z + b, 4*b = 2*z - 142 - 88. What is the remainder when z is divided by 19?
18
Suppose 0 = 2*n - 2*v - 1634, -8 - 4074 = -5*n + 4*v. Calculate the remainder when n is divided by 24.
22
Let g = -8 - -61. Let y(f) = 38*f**2 + 4*f - 3. Let u be y(1). Let x = -25 + u. Calculate the remainder when g is divided by x.
11
Let w = 33 + 6. Let q(p) = 2*p + 18. Let h = 108 + -110. What is the remainder when w is divided by q(h)?
11
Suppose 118 = 4*z + 2*o - 86, -5*z + 252 = 4*o. Calculate the remainder when z is divided by 37.
15
Suppose 5*r + 7 = -18, 3*r + 11 = -2*n. Suppose -n*z = -4*z + 18. Calculate the remainder when 15 is divided by z.
6
Let c = -16 - -32. What is the remainder when 62 is divided by c?
14
Suppose 266 = -21*v + 35*v. What is the remainder when 929 is divided by v?
17
Suppose 0 = 3*h - 4*y - 138, 0*h + 4*h = 3*y + 177. Calculate the remainder when 83 is divided by h.
41
Suppose -5*l - 3 + 4 = c, -c - 3*l + 3 = 0. Suppose 25 - 4 = 7*g. What is the remainder when 54/7 - c/(-21) is divided by g?
2
Suppose 0 = -2*w + 4*u + 394, -w - 4*u - 776 = -5*w. What is the remainder when w is divided by 32?
31
Let g(c) = c**2 + 8*c + 4. Let l be g(-8). Suppose l*z = 10*z - 402. What is the remainder when z is divided by 14?
11
Let z(y) = -73*y - 485. Suppose r + 61 = -41. Calculate the remainder when ((-5)/(-5))/((-1)/r) is divided by z(-7).
24
Let k(t) = -6*t**3 + 7*t**2 + 9*t + 8. Let l(z) = 3*z**3 - 3*z**2 - 4*z - 4. Let h(o) = 4*k(o) + 9*l(o). What is the remainder when h(2) is divided by 10?
4
Suppose 3*f + f = b + 147, 5*b - 63 = -f. Let y(v) = 7*v - 8. Let m(i) = 6*i - 7. Let o(s) = -6*m(s) + 5*y(s). What is the remainder when f is divided by o(-8)?
8
Calculate the remainder when (-6)/14 + 20942/518 is divided by 25.
15
Calculate the remainder when (3360/70)/((-1)/(-2)) is divided by 50.
46
Suppose -2*d + 3*k = -109, 2*d + 3*k = -d + 201. Calculate the remainder when d is divided by 24.
14
Let s(g) = g**3 - 3*g**2 - g - 8. Let x be s(4). Suppose -x - 48 = -4*n. Calculate the remainder when 51 is divided by n.
12
Calculate the remainder when 131 is divided by 253/22 + 3 - (-10)/4.
12
Calculate the remainder when (-17 + 28)*(-1 - -8) is divided by 30.
17
Let z(h) = -2*h**2 + 11*h - 8. Let r be z(7). Let p = r - -64. Let n = p - 9. Calculate the remainder when n is divided by 9.
8
Suppose 9*p = 278 - 206. Calculate the remainder when 621 is divided by p.
5
Let n(u) = -u**3 + 7*u**2 + u - 5. Let k be (3/(-12) + 2)*(11 - 7). What is the remainder when 7 is divided by n(k)?
1
Let f(p) be the first derivative of 7*p**2 + 14*p - 9. Calculate the remainder when f(6) is divided by 20.
18
Let d be (-4)/(-10) + 2/(-5). Suppose -f = r + 4*r - 20, -2*f = r - 4. Suppose -r*v + 4 = -d. What is the remainder when 2 is divided by v?
0
Suppose -2*b = -6*b + 148. Suppose 3*f = -w + 31, 2*w + 19 = 130*f - 127*f. Calculate the remainder when b is divided by f.
1
Let v(n) = 6*n**2 + n + 2. Calculate the remainder when 98 is divided by v(-2).
2
Let d(n) = 9*n - 46. Let h be d(14). Let y = 156 - h. Calculate the remainder when y is divided by 20.
16
What is the remainder when 